5. Let d be f(-13). Suppose p + 10 = 4*g, 5*g + d = -3*p - 11. Let j = p - -40. What is the units digit of j?
4
Let m(p) = -87*p + 3589. What is the thousands digit of m(-56)?
8
Let v = 12715 - 5931. What is the thousands digit of v?
6
Let h(y) be the first derivative of -y**3/3 - 9*y**2/2 + 12*y - 7. Let v be h(-9). What is the tens digit of 124/v - (3 - (-16)/(-6))?
1
Let d(b) = -b**3 - 4*b**2 - 2*b. Let j be d(-2). Suppose 3*r + 3*y + 31 - 16 = 0, -r - 4*y = 2. What is the units digit of (-2)/j + (-381)/r?
4
Suppose 26*u - 24*u = 412. Suppose a = u - 49. Let n = a + -35. What is the units digit of n?
2
Suppose -4*s = -6*s. Suppose h + 0 - 96 = s. Let y = h + 0. What is the units digit of y?
6
Let k = 46 - 44. Suppose o - 41 = -2*o + k*j, -5*o + 2*j + 67 = 0. Suppose o*c + 15 = 14*c. What is the units digit of c?
5
Let d(b) = -63*b - 26. Let s be d(-19). Let g = 1673 - s. What is the hundreds digit of g?
5
Let y(s) = 2006*s**2 + 98*s - 423. What is the tens digit of y(4)?
6
Let j be (2/4 - -1)/(3/(-84)). Let p = 45 + j. Suppose 2*w + 515 = 5*s, -4*s = 5*w - p*w - 394. What is the hundreds digit of s?
1
Let j be -2*21/(18/(-6)). Suppose 22*s = 23*s - j. What is the tens digit of s?
1
Let g be (-2 - -3)*(-9 - -11). Suppose 5*a + 3*o = 155, -g*o + 0*o - 146 = -4*a. What is the tens digit of a?
3
What is the thousands digit of (-1092 + 2 + 6)/(128/(-1696))?
4
Let h(m) = -m**3 - 4*m**2 + 12*m - 19. Let x be 0 + 30 + (-2 + 11)/(-3). Let k be 6/x + (-148)/18. What is the hundreds digit of h(k)?
1
Suppose 2*u + 4*y + 14 = 0, -y = 4*u - 5*y + 76. Let h(n) = -n**3 + 6*n**2 + n - 27. Let q be h(4). Let m = q - u. What is the units digit of m?
4
Let o = -12530 + 16637. What is the hundreds digit of o?
1
What is the hundreds digit of -8 + ((-250)/150 - 75754/(-6))?
6
Let u = -883 - -278. Let m = u + 1037. Suppose 3*l = -60 + m. What is the hundreds digit of l?
1
Suppose 0*k = 2*k - 5*d + 45, 4*k - 4*d = -96. Let n(g) = g**2 + g + 26. What is the units digit of n(k)?
6
Suppose -q - c = -11467, -2*q - 18*c + 22950 = -20*c. What is the thousands digit of q?
1
Suppose 7*f - 16 = 5*f. Suppose -366 = -f*q + 618. Let z = -19 + q. What is the tens digit of z?
0
Suppose 4*i - 79 = 3*i. Suppose l = -5*p + 1000, p + 4*l - 199 = 1. Let n = p - i. What is the hundreds digit of n?
1
Suppose -10 + 0 = -2*n + 2*i, 4*n + 3*i - 6 = 0. Let j = 5 - n. Suppose -86 = -j*k + 2*u, -2*k - 1 + 78 = u. What is the tens digit of k?
4
Let s be (-7)/((-315)/198)*255. Let u = -960 + s. What is the hundreds digit of u?
1
Let x(l) = 10*l**2 + 6*l + 6. Let b be x(-1). Let z be -1*b*(1 + 3/(-2)). Suppose -z*v - 357 = -1142. What is the hundreds digit of v?
1
Suppose 6*c + 10*c = 6*c + 2*c. Let h = 360 + 166. Suppose 9*s - 11*s + h = c. What is the tens digit of s?
6
What is the units digit of (-15)/(-17) + -1 - (7 - (-1882836)/(-153))?
9
Let j = -16621 - -33685. What is the hundreds digit of j?
0
Suppose -r + 3*l = 64, -2*l + 6*l = r + 68. Suppose 166*t - 171*t + 2*d = 199, 4*t + 4*d + 148 = 0. Let g = t - r. What is the units digit of g?
3
Suppose 0 = 70*y - 55049 + 66914 - 452935. What is the thousands digit of y?
6
Let a(d) = d**3 - 8*d**2 - 6*d - 25. Let m be a(9). Suppose -14 = -m*c + 14. What is the tens digit of 285*(3 - c/6)?
9
Suppose -n - 72756 = -2*x, -5*x + 2*n + 214539 - 32647 = 0. What is the units digit of x?
0
What is the hundreds digit of 308 + -305 + ((-2)/(-4))/(2/5764)?
4
Suppose 391434 = 520*d - 509*d + 86668. What is the ten thousands digit of d?
2
Let y be 8/(-36) - (-102)/(-27). Let q be (4/y - -776) + -3. Suppose 0 = i + 4*n - 167, -5*i - 5*n + q = -6*n. What is the hundreds digit of i?
1
Suppose -54*r + 3654 = -12*r. Let q be (2/(-4))/(2/(-76)). Let m = r + q. What is the hundreds digit of m?
1
Suppose -3*s = 36 + 27. Let q be s/35 + (-28)/(-5). Suppose q*p - 2*a + 0*a = 81, 2*p + 5*a = 44. What is the units digit of p?
7
Let p(m) = -327*m - 1899. What is the thousands digit of p(-97)?
9
Let v(d) = -100*d + 740. What is the units digit of v(-71)?
0
Let o = 10331 + -7139. What is the hundreds digit of o?
1
Let m = 4093 + 569. Suppose -14*b + m = -7*b. What is the units digit of b?
6
Let o = -38972 + 82957. What is the tens digit of o?
8
Let b(f) = 4*f**3 + 5*f**2 + 26*f + 20. Let u(d) = -3*d**3 - 6*d**2 - 25*d - 20. Let v(g) = -4*b(g) - 5*u(g). What is the hundreds digit of v(11)?
1
Let i(o) = 5*o**3 + 12*o**2 - 19*o - 27. Let t(l) = 14*l**3 + 37*l**2 - 55*l - 79. Let x(u) = 11*i(u) - 4*t(u). What is the tens digit of x(-17)?
2
Let r = -13098 + 18902. What is the units digit of r?
4
Suppose 0 = -j + 5*y, -5*y + 11 = -4. Suppose 3*c + 3 - j = 0. Suppose -72 = -5*f - c*l + 348, 5*l + 420 = 5*f. What is the tens digit of f?
8
Let y = 241 - 248. Let w(q) = -q**2 - 19*q - 27. What is the tens digit of w(y)?
5
Let p = 898 + -895. Suppose -4 - 5 = p*f, -4*f - 1773 = -3*v. What is the tens digit of v?
8
What is the units digit of (41/(1148/(-12120)))/((-3)/28)?
0
Suppose 3*v - 3*j = 38109, -6*v = 12*v + 5*j - 228654. What is the tens digit of v?
0
Let z(v) = 1512*v**2 + 128*v + 7. What is the hundreds digit of z(-3)?
2
Let v = -3225 + 11935. What is the tens digit of v?
1
Let a = 10972 - -27311. What is the tens digit of a?
8
Suppose 0 = o - 5*b - 1022, 4*o + 15*b - 17*b - 4070 = 0. Let n = o + -556. What is the units digit of n?
1
Let k be (-5)/(-35) + 13/7. Suppose -3*p - 2*b + 17 = 0, -2*p - k*p + 4 = -2*b. Suppose -y = c - 33, 3*c = 5*y - 186 - p. What is the tens digit of y?
3
What is the ten thousands digit of (-1577*1/(-2))/((-3)/(-78))?
2
Suppose u + y = 29578, -4*y = -4*u - 11894 + 130214. What is the tens digit of u?
7
Suppose 2*q = 8, 2*f + 5*q - 25 = f. Suppose 5*h = -p + 2, -f*p - 5*h + 70 = -0*h. Suppose i - p = 31. What is the tens digit of i?
4
Let x(h) = 412*h**3 - 7*h - 6. Let g be x(4). Suppose 0 = 28*a - 61*a + g. What is the units digit of a?
8
Let d be (-16)/(-4) + -8 + 107. Let k = 177 - d. What is the tens digit of k?
7
Let x = -65 + 130. Suppose 133 = t + x. What is the units digit of t?
8
Let q(j) = -5*j + 362. Let h = -840 + 866. What is the units digit of q(h)?
2
Suppose 0 = 6*f - 848 + 158. Suppose 3*v + f = 658. What is the tens digit of v?
8
Suppose 0 = 66*d - 242934 - 536922. What is the units digit of d?
6
Suppose -650 = -6*t - 92. Suppose -4*u + t = -75. What is the tens digit of u?
4
Suppose 0 = 3*g + 2*n - 785, -g + 3*n + 1075 = 3*g. Suppose -4*d = -5*d + 3*l + g, 0 = -3*d - l + 785. Let f = -75 + d. What is the tens digit of f?
8
Let j(g) = -19*g + 351. Let l be j(19). Let h(a) = -9*a - 16*a - 3 - 16. What is the units digit of h(l)?
1
Suppose 0 = -6*i + i + 5, -5*u = 3*i - 3543. Suppose 0 = -7*k + u + 552. Suppose 2 = 2*f, -6 + k = 2*p + 2*f. What is the units digit of p?
6
Let f be 50/70*7 + -1 + 0. Suppose 4181 = f*q - x, -3*q + 1037 + 2115 = -4*x. What is the thousands digit of q?
1
Let n = 6190 + -549. What is the hundreds digit of n?
6
Suppose -105*u + 108*u = -5*f + 71424, -2*u + 47590 = -f. What is the units digit of u?
8
Let y(c) = -c**2 + 3*c + 40. Let g(l) = -10 - 6*l**2 - 3*l**3 + 0*l**2 + 0*l**3 + 4*l**3 + 7*l. Let t be g(5). What is the units digit of y(t)?
0
What is the thousands digit of 17446 - 79 - (0 + 1 + 0)?
7
Let i be (-1 - 45/(-25))*10. Let t(a) = 4*a**2 - 2*a - 16. What is the tens digit of t(i)?
2
Suppose -2597 + 11166 = 11*v. Suppose 2*i = -i + 5*t + 763, t + v = 3*i. What is the units digit of i?
1
Let v(c) = -c**3 - 17*c**2 - 35*c - 33. Let l(k) = k**2 - 12*k + 4. Let m be l(7). Let a = m + 16. What is the tens digit of v(a)?
4
Suppose -2579*z = -2577*z - 20698. What is the hundreds digit of z?
3
Let c(p) = -2 - 4*p + 1 - 4. Let m(j) = -j**3 + 5*j**2 - 26*j + 81. Let s be m(4). What is the tens digit of c(s)?
2
Let g = -30 + 27. Let h be (2/(-3) - 0)*g. Suppose -2*i - i + 608 = 4*w, -h*i - w + 407 = 0. What is the hundreds digit of i?
2
Let m = -17 - -22. Suppose -l - m*i + 4 = 0, 2*l - 2*i - 7 = 1. Suppose l*n - 4*o - 396 = 0, 3*n = -5*o + 116 + 157. What is the units digit of n?
6
Let f(p) = -4*p + 101. Suppose -4*r + 32 = -4*b + 8*b, -40 = -4*r - 2*b. What is the tens digit of f(r)?
5
Suppose 2*d = 3*d - 5*a + 18, 0 = -4*d + 5*a - 12. What is the hundreds digit of (-4683)/(-21) - (-2 + d)?
2
Suppose 